{"id":23,"date":"2024-09-30T21:17:37","date_gmt":"2024-10-01T00:17:37","guid":{"rendered":"https:\/\/www.juanpabloylas.cl\/wordpress\/?page_id=23"},"modified":"2024-12-03T20:33:19","modified_gmt":"2024-12-03T23:33:19","slug":"inicio","status":"publish","type":"page","link":"https:\/\/www.juanpabloylas.cl\/inicio\/","title":{"rendered":"INICIO"},"content":{"rendered":"\n<figure class=\"wp-block-image size-large\"><img decoding=\"async\" src=\"https:\/\/www.juanpabloylas.cl\/inicio\/wp-content\/uploads\/2024\/10\/SalaDeControles-2-1024x462.jpeg\" alt=\"\" class=\"wp-image-182\"\/><\/figure>\n\n\n\n<hr class=\"wp-block-separator has-alpha-channel-opacity is-style-wide\"\/>\n\n\n<ul class=\"wp-block-latest-posts__list has-dates wp-block-latest-posts has-small-font-size is-layout-flow wp-block-latest-posts-is-layout-flow\"><li><div class=\"wp-block-latest-posts__featured-image alignleft\"><img loading=\"lazy\" decoding=\"async\" width=\"250\" height=\"188\" src=\"https:\/\/www.juanpabloylas.cl\/inicio\/wp-content\/uploads\/2026\/09\/2-6.jpg\" class=\"attachment-medium size-medium wp-post-image\" alt=\"\" style=\"\" \/><\/div><a class=\"wp-block-latest-posts__post-title\" href=\"https:\/\/www.juanpabloylas.cl\/inicio\/lanzan-estrategia-que-permitira-detectar-a-tiempo-canceres-digestivos-y-evitar-invasivos-examenes\/\">Lanzan estrategia que permitir\u00e1 detectar a tiempo c\u00e1nceres digestivos y evitar invasivos ex\u00e1menes.<\/a><time datetime=\"2026-09-04T16:03:52-03:00\" class=\"wp-block-latest-posts__post-date\">04\/09\/2026<\/time><div class=\"wp-block-latest-posts__post-excerpt\">\u00bfSab\u00eda usted que los c\u00e1nceres digestivos son de las enfermedades oncol\u00f3gicasm\u00e1s comunes y mortales del pa\u00eds? As\u00ed es, especialmente el colorrectal y elg\u00e1strico. Incluso, regionalmente, constituyen las primeras mayor\u00edas en&#8230;<p class=\"more-link-wrap\"><a href=\"https:\/\/www.juanpabloylas.cl\/inicio\/lanzan-estrategia-que-permitira-detectar-a-tiempo-canceres-digestivos-y-evitar-invasivos-examenes\/\" class=\"more-link\">Leer mas &#8230;<span class=\"screen-reader-text\"> &ldquo;Lanzan estrategia que permitir\u00e1 detectar a tiempo c\u00e1nceres digestivos y evitar invasivos ex\u00e1menes.&rdquo;<\/span> &raquo;<\/a><\/p><\/div><\/li>\n<li><div class=\"wp-block-latest-posts__featured-image alignleft\"><img loading=\"lazy\" decoding=\"async\" width=\"250\" height=\"167\" src=\"https:\/\/www.juanpabloylas.cl\/inicio\/wp-content\/uploads\/2026\/03\/LEY-PERSONAS-MAYORES.jpg\" class=\"attachment-medium size-medium wp-post-image\" alt=\"\" style=\"\" \/><\/div><a class=\"wp-block-latest-posts__post-title\" href=\"https:\/\/www.juanpabloylas.cl\/inicio\/mas-de-23-mil-pensionados-de-la-region-decoquimbo-recibiran-aumento-de-la-pgu-desde-septiembre\/\">M\u00e1s de 23 mil pensionados de la Regi\u00f3n deCoquimbo recibir\u00e1n aumento de la PGU desde septiembre.<\/a><time datetime=\"2026-09-04T11:22:15-03:00\" class=\"wp-block-latest-posts__post-date\">04\/09\/2026<\/time><div class=\"wp-block-latest-posts__post-excerpt\">A partir de este mes, 23.226 personas de entre 75 y 81 a\u00f1os de la Regi\u00f3n de Coquimbover\u00e1n incrementado el monto de su Pensi\u00f3n Garantizada Universal (PGU), en el marco&#8230;<p class=\"more-link-wrap\"><a href=\"https:\/\/www.juanpabloylas.cl\/inicio\/mas-de-23-mil-pensionados-de-la-region-decoquimbo-recibiran-aumento-de-la-pgu-desde-septiembre\/\" class=\"more-link\">Leer mas &#8230;<span class=\"screen-reader-text\"> &ldquo;M\u00e1s de 23 mil pensionados de la Regi\u00f3n deCoquimbo recibir\u00e1n aumento de la PGU desde septiembre.&rdquo;<\/span> &raquo;<\/a><\/p><\/div><\/li>\n<li><div class=\"wp-block-latest-posts__featured-image alignleft\"><img loading=\"lazy\" decoding=\"async\" width=\"250\" height=\"188\" src=\"https:\/\/www.juanpabloylas.cl\/inicio\/wp-content\/uploads\/2026\/09\/IMG_2834.jpg\" class=\"attachment-medium size-medium wp-post-image\" alt=\"\" style=\"\" \/><\/div><a class=\"wp-block-latest-posts__post-title\" href=\"https:\/\/www.juanpabloylas.cl\/inicio\/municipalidad-de-los-vilos-culmina-recuperacion-del-borde-costero-de-pichidangui\/\">Municipalidad de Los Vilos culmina recuperaci\u00f3n del borde costero de Pichidangui.<\/a><time datetime=\"2026-09-02T11:45:19-03:00\" class=\"wp-block-latest-posts__post-date\">02\/09\/2026<\/time><div class=\"wp-block-latest-posts__post-excerpt\">a Municipalidad de Los Vilos inform\u00f3 la culminaci\u00f3n de los trabajos de recuperaci\u00f3n del borde costero de Pichidangui, luego de las labores desarrolladas por la Direcci\u00f3n de Medio Ambiente, Aseo&#8230;<p class=\"more-link-wrap\"><a href=\"https:\/\/www.juanpabloylas.cl\/inicio\/municipalidad-de-los-vilos-culmina-recuperacion-del-borde-costero-de-pichidangui\/\" class=\"more-link\">Leer mas &#8230;<span class=\"screen-reader-text\"> &ldquo;Municipalidad de Los Vilos culmina recuperaci\u00f3n del borde costero de Pichidangui.&rdquo;<\/span> &raquo;<\/a><\/p><\/div><\/li>\n<li><div class=\"wp-block-latest-posts__featured-image alignleft\"><img loading=\"lazy\" decoding=\"async\" width=\"250\" height=\"167\" src=\"https:\/\/www.juanpabloylas.cl\/inicio\/wp-content\/uploads\/2026\/09\/teleton.jpg\" class=\"attachment-medium size-medium wp-post-image\" alt=\"\" style=\"\" \/><\/div><a class=\"wp-block-latest-posts__post-title\" href=\"https:\/\/www.juanpabloylas.cl\/inicio\/sumate-a-lo-que-nos-une-teleton-coquimbo-busca-voluntarios-y-voluntarias-para-su-campana-solidaria-2026\/\">\u201cS\u00famate a lo que nos une\u201d: Telet\u00f3n Coquimbo busca voluntarios y voluntarias para su campa\u00f1a solidaria 2026.<\/a><time datetime=\"2026-09-01T11:32:49-03:00\" class=\"wp-block-latest-posts__post-date\">01\/09\/2026<\/time><div class=\"wp-block-latest-posts__post-excerpt\">Como parte de las actividades que buscan motivar al pa\u00eds para la campa\u00f1a de los d\u00edas 6y 7 de noviembre, el Instituto Telet\u00f3n de Coquimbo dio inicio a las postulaciones&#8230;<p class=\"more-link-wrap\"><a href=\"https:\/\/www.juanpabloylas.cl\/inicio\/sumate-a-lo-que-nos-une-teleton-coquimbo-busca-voluntarios-y-voluntarias-para-su-campana-solidaria-2026\/\" class=\"more-link\">Leer mas &#8230;<span class=\"screen-reader-text\"> &ldquo;\u201cS\u00famate a lo que nos une\u201d: Telet\u00f3n Coquimbo busca voluntarios y voluntarias para su campa\u00f1a solidaria 2026.&rdquo;<\/span> &raquo;<\/a><\/p><\/div><\/li>\n<li><div class=\"wp-block-latest-posts__featured-image alignleft\"><img loading=\"lazy\" decoding=\"async\" width=\"250\" height=\"167\" src=\"https:\/\/www.juanpabloylas.cl\/inicio\/wp-content\/uploads\/2026\/04\/Campana-de-vacunacion1.jpg\" class=\"attachment-medium size-medium wp-post-image\" alt=\"\" style=\"\" \/><\/div><a class=\"wp-block-latest-posts__post-title\" href=\"https:\/\/www.juanpabloylas.cl\/inicio\/7-de-10-personas-fallecidas-por-influenza-en-la-region-no-estaban-vacunadas\/\">7 de 10 personas fallecidas por influenza en la regi\u00f3n no estaban vacunadas.<\/a><time datetime=\"2026-09-01T11:29:37-03:00\" class=\"wp-block-latest-posts__post-date\">01\/09\/2026<\/time><div class=\"wp-block-latest-posts__post-excerpt\">La Seremi de Salud de Coquimbo inform\u00f3 que, de acuerdo con elan\u00e1lisis realizado por la Unidad de Epidemiolog\u00eda, casi 7 de cada 10personas fallecidas por influenza en la regi\u00f3n no&#8230;<p class=\"more-link-wrap\"><a href=\"https:\/\/www.juanpabloylas.cl\/inicio\/7-de-10-personas-fallecidas-por-influenza-en-la-region-no-estaban-vacunadas\/\" class=\"more-link\">Leer mas &#8230;<span class=\"screen-reader-text\"> &ldquo;7 de 10 personas fallecidas por influenza en la regi\u00f3n no estaban vacunadas.&rdquo;<\/span> &raquo;<\/a><\/p><\/div><\/li>\n<li><div class=\"wp-block-latest-posts__featured-image alignleft\"><img loading=\"lazy\" decoding=\"async\" width=\"250\" height=\"188\" src=\"https:\/\/www.juanpabloylas.cl\/inicio\/wp-content\/uploads\/2026\/08\/IMG_0929-2.jpg\" class=\"attachment-medium size-medium wp-post-image\" alt=\"\" style=\"\" \/><\/div><a class=\"wp-block-latest-posts__post-title\" href=\"https:\/\/www.juanpabloylas.cl\/inicio\/estudiantes-de-canela-obtienen-el-primerlugar-en-la-feria-antartica-escolar-del-ministerio-de-ciencia-y-tecnologia\/\">Estudiantes de Canela obtienen el primerlugar en la Feria Ant\u00e1rtica Escolar del Ministerio de Ciencia y Tecnolog\u00eda.<\/a><time datetime=\"2026-08-31T11:28:28-03:00\" class=\"wp-block-latest-posts__post-date\">31\/08\/2026<\/time><div class=\"wp-block-latest-posts__post-excerpt\">Una destacada participaci\u00f3n tuvo la Regi\u00f3n de Coquimbo en la XXIIIFeria Ant\u00e1rtica Escolar (FAE) 2026, luego de que las estudiantes AshMolina, de tercero medio, y Alejandra Sandoval, de cuarto medio,del&#8230;<p class=\"more-link-wrap\"><a href=\"https:\/\/www.juanpabloylas.cl\/inicio\/estudiantes-de-canela-obtienen-el-primerlugar-en-la-feria-antartica-escolar-del-ministerio-de-ciencia-y-tecnologia\/\" class=\"more-link\">Leer mas &#8230;<span class=\"screen-reader-text\"> &ldquo;Estudiantes de Canela obtienen el primerlugar en la Feria Ant\u00e1rtica Escolar del Ministerio de Ciencia y Tecnolog\u00eda.&rdquo;<\/span> &raquo;<\/a><\/p><\/div><\/li>\n<\/ul>","protected":false},"excerpt":{"rendered":"","protected":false},"author":1,"featured_media":0,"parent":0,"menu_order":0,"comment_status":"closed","ping_status":"closed","template":"page-templates\/sidebar.php","meta":{"footnotes":""},"class_list":["post-23","page","type-page","status-publish","hentry"],"nelio_popups_active_popup":"245","_links":{"self":[{"href":"https:\/\/www.juanpabloylas.cl\/inicio\/wp-json\/wp\/v2\/pages\/23","targetHints":{"allow":["GET"]}}],"collection":[{"href":"https:\/\/www.juanpabloylas.cl\/inicio\/wp-json\/wp\/v2\/pages"}],"about":[{"href":"https:\/\/www.juanpabloylas.cl\/inicio\/wp-json\/wp\/v2\/types\/page"}],"author":[{"embeddable":true,"href":"https:\/\/www.juanpabloylas.cl\/inicio\/wp-json\/wp\/v2\/users\/1"}],"replies":[{"embeddable":true,"href":"https:\/\/www.juanpabloylas.cl\/inicio\/wp-json\/wp\/v2\/comments?post=23"}],"version-history":[{"count":55,"href":"https:\/\/www.juanpabloylas.cl\/inicio\/wp-json\/wp\/v2\/pages\/23\/revisions"}],"predecessor-version":[{"id":492,"href":"https:\/\/www.juanpabloylas.cl\/inicio\/wp-json\/wp\/v2\/pages\/23\/revisions\/492"}],"wp:attachment":[{"href":"https:\/\/www.juanpabloylas.cl\/inicio\/wp-json\/wp\/v2\/media?parent=23"}],"curies":[{"name":"wp","href":"https:\/\/api.w.org\/{rel}","templated":true}]}}

<figure class="wp-block-image size-large"><img decoding="async" src="https://www.juanpabloylas.cl/inicio/wp-content/uploads/2024/10/SalaDeControles-2-1024x462.jpeg" alt="" class="wp-image-182"/></figure>



<hr class="wp-block-separator has-alpha-channel-opacity is-style-wide"/>


<ul class="wp-block-latest-posts__list has-dates wp-block-latest-posts has-small-font-size is-layout-flow wp-block-latest-posts-is-layout-flow"><li><div class="wp-block-latest-posts__featured-image alignleft"><img loading="lazy" decoding="async" width="250" height="188" src="https://www.juanpabloylas.cl/inicio/wp-content/uploads/2026/09/2-6.jpg" class="attachment-medium size-medium wp-post-image" alt="" style="" /></div><a class="wp-block-latest-posts__post-title" href="https://www.juanpabloylas.cl/inicio/lanzan-estrategia-que-permitira-detectar-a-tiempo-canceres-digestivos-y-evitar-invasivos-examenes/">Lanzan estrategia que permitirá detectar a tiempo cánceres digestivos y evitar invasivos exámenes.</a><time datetime="2026-09-04T16:03:52-03:00" class="wp-block-latest-posts__post-date">04/09/2026</time><div class="wp-block-latest-posts__post-excerpt">¿Sabía usted que los cánceres digestivos son de las enfermedades oncológicasmás comunes y mortales del país? Así es, especialmente el colorrectal y elgástrico. Incluso, regionalmente, constituyen las primeras mayorías en&#8230;<p class="more-link-wrap"><a href="https://www.juanpabloylas.cl/inicio/lanzan-estrategia-que-permitira-detectar-a-tiempo-canceres-digestivos-y-evitar-invasivos-examenes/" class="more-link">Leer mas &#8230;<span class="screen-reader-text"> &ldquo;Lanzan estrategia que permitirá detectar a tiempo cánceres digestivos y evitar invasivos exámenes.&rdquo;</span> &raquo;</a></p></div></li>
<li><div class="wp-block-latest-posts__featured-image alignleft"><img loading="lazy" decoding="async" width="250" height="167" src="https://www.juanpabloylas.cl/inicio/wp-content/uploads/2026/03/LEY-PERSONAS-MAYORES.jpg" class="attachment-medium size-medium wp-post-image" alt="" style="" /></div><a class="wp-block-latest-posts__post-title" href="https://www.juanpabloylas.cl/inicio/mas-de-23-mil-pensionados-de-la-region-decoquimbo-recibiran-aumento-de-la-pgu-desde-septiembre/">Más de 23 mil pensionados de la Región deCoquimbo recibirán aumento de la PGU desde septiembre.</a><time datetime="2026-09-04T11:22:15-03:00" class="wp-block-latest-posts__post-date">04/09/2026</time><div class="wp-block-latest-posts__post-excerpt">A partir de este mes, 23.226 personas de entre 75 y 81 años de la Región de Coquimboverán incrementado el monto de su Pensión Garantizada Universal (PGU), en el marco&#8230;<p class="more-link-wrap"><a href="https://www.juanpabloylas.cl/inicio/mas-de-23-mil-pensionados-de-la-region-decoquimbo-recibiran-aumento-de-la-pgu-desde-septiembre/" class="more-link">Leer mas &#8230;<span class="screen-reader-text"> &ldquo;Más de 23 mil pensionados de la Región deCoquimbo recibirán aumento de la PGU desde septiembre.&rdquo;</span> &raquo;</a></p></div></li>
<li><div class="wp-block-latest-posts__featured-image alignleft"><img loading="lazy" decoding="async" width="250" height="188" src="https://www.juanpabloylas.cl/inicio/wp-content/uploads/2026/09/IMG_2834.jpg" class="attachment-medium size-medium wp-post-image" alt="" style="" /></div><a class="wp-block-latest-posts__post-title" href="https://www.juanpabloylas.cl/inicio/municipalidad-de-los-vilos-culmina-recuperacion-del-borde-costero-de-pichidangui/">Municipalidad de Los Vilos culmina recuperación del borde costero de Pichidangui.</a><time datetime="2026-09-02T11:45:19-03:00" class="wp-block-latest-posts__post-date">02/09/2026</time><div class="wp-block-latest-posts__post-excerpt">a Municipalidad de Los Vilos informó la culminación de los trabajos de recuperación del borde costero de Pichidangui, luego de las labores desarrolladas por la Dirección de Medio Ambiente, Aseo&#8230;<p class="more-link-wrap"><a href="https://www.juanpabloylas.cl/inicio/municipalidad-de-los-vilos-culmina-recuperacion-del-borde-costero-de-pichidangui/" class="more-link">Leer mas &#8230;<span class="screen-reader-text"> &ldquo;Municipalidad de Los Vilos culmina recuperación del borde costero de Pichidangui.&rdquo;</span> &raquo;</a></p></div></li>
<li><div class="wp-block-latest-posts__featured-image alignleft"><img loading="lazy" decoding="async" width="250" height="167" src="https://www.juanpabloylas.cl/inicio/wp-content/uploads/2026/09/teleton.jpg" class="attachment-medium size-medium wp-post-image" alt="" style="" /></div><a class="wp-block-latest-posts__post-title" href="https://www.juanpabloylas.cl/inicio/sumate-a-lo-que-nos-une-teleton-coquimbo-busca-voluntarios-y-voluntarias-para-su-campana-solidaria-2026/">“Súmate a lo que nos une”: Teletón Coquimbo busca voluntarios y voluntarias para su campaña solidaria 2026.</a><time datetime="2026-09-01T11:32:49-03:00" class="wp-block-latest-posts__post-date">01/09/2026</time><div class="wp-block-latest-posts__post-excerpt">Como parte de las actividades que buscan motivar al país para la campaña de los días 6y 7 de noviembre, el Instituto Teletón de Coquimbo dio inicio a las postulaciones&#8230;<p class="more-link-wrap"><a href="https://www.juanpabloylas.cl/inicio/sumate-a-lo-que-nos-une-teleton-coquimbo-busca-voluntarios-y-voluntarias-para-su-campana-solidaria-2026/" class="more-link">Leer mas &#8230;<span class="screen-reader-text"> &ldquo;“Súmate a lo que nos une”: Teletón Coquimbo busca voluntarios y voluntarias para su campaña solidaria 2026.&rdquo;</span> &raquo;</a></p></div></li>
<li><div class="wp-block-latest-posts__featured-image alignleft"><img loading="lazy" decoding="async" width="250" height="167" src="https://www.juanpabloylas.cl/inicio/wp-content/uploads/2026/04/Campana-de-vacunacion1.jpg" class="attachment-medium size-medium wp-post-image" alt="" style="" /></div><a class="wp-block-latest-posts__post-title" href="https://www.juanpabloylas.cl/inicio/7-de-10-personas-fallecidas-por-influenza-en-la-region-no-estaban-vacunadas/">7 de 10 personas fallecidas por influenza en la región no estaban vacunadas.</a><time datetime="2026-09-01T11:29:37-03:00" class="wp-block-latest-posts__post-date">01/09/2026</time><div class="wp-block-latest-posts__post-excerpt">La Seremi de Salud de Coquimbo informó que, de acuerdo con elanálisis realizado por la Unidad de Epidemiología, casi 7 de cada 10personas fallecidas por influenza en la región no&#8230;<p class="more-link-wrap"><a href="https://www.juanpabloylas.cl/inicio/7-de-10-personas-fallecidas-por-influenza-en-la-region-no-estaban-vacunadas/" class="more-link">Leer mas &#8230;<span class="screen-reader-text"> &ldquo;7 de 10 personas fallecidas por influenza en la región no estaban vacunadas.&rdquo;</span> &raquo;</a></p></div></li>
<li><div class="wp-block-latest-posts__featured-image alignleft"><img loading="lazy" decoding="async" width="250" height="188" src="https://www.juanpabloylas.cl/inicio/wp-content/uploads/2026/08/IMG_0929-2.jpg" class="attachment-medium size-medium wp-post-image" alt="" style="" /></div><a class="wp-block-latest-posts__post-title" href="https://www.juanpabloylas.cl/inicio/estudiantes-de-canela-obtienen-el-primerlugar-en-la-feria-antartica-escolar-del-ministerio-de-ciencia-y-tecnologia/">Estudiantes de Canela obtienen el primerlugar en la Feria Antártica Escolar del Ministerio de Ciencia y Tecnología.</a><time datetime="2026-08-31T11:28:28-03:00" class="wp-block-latest-posts__post-date">31/08/2026</time><div class="wp-block-latest-posts__post-excerpt">Una destacada participación tuvo la Región de Coquimbo en la XXIIIFeria Antártica Escolar (FAE) 2026, luego de que las estudiantes AshMolina, de tercero medio, y Alejandra Sandoval, de cuarto medio,del&#8230;<p class="more-link-wrap"><a href="https://www.juanpabloylas.cl/inicio/estudiantes-de-canela-obtienen-el-primerlugar-en-la-feria-antartica-escolar-del-ministerio-de-ciencia-y-tecnologia/" class="more-link">Leer mas &#8230;<span class="screen-reader-text"> &ldquo;Estudiantes de Canela obtienen el primerlugar en la Feria Antártica Escolar del Ministerio de Ciencia y Tecnología.&rdquo;</span> &raquo;</a></p></div></li>
</ul>
